 - -236. Suppose -3*n + u + 24 + 54 = 0, 0 = 2*n + u - 47. What is the greatest common divisor of v and n?
25
Let w(r) = r + 11. Let j be w(-9). Let v(p) = -8*p + 4. Let b be v(j). Let z be 100/6 - b/36. What is the highest common divisor of 136 and z?
17
Let v be 4 + -3 - 12 - 3. Let i = v - -38. What is the highest common divisor of 16 and i?
8
Suppose -j + 2*j = 6. Suppose -11*z - 300 = -344. What is the highest common factor of z and j?
2
Let o(b) = b**3 - 2*b**2 - 13*b + 53. Let x be o(14). What is the greatest common factor of 117 and x?
117
Let g(l) = -l**2 - 22*l - 19. Let u be g(-14). What is the greatest common factor of 744 and u?
93
Let b = -407 + 1397. What is the highest common divisor of 90 and b?
90
Suppose -2*z = -4 - 2. Suppose 3*b + 14 = z*k + 2*b, -4*b = -16. Let j be ((-99)/(-15))/(((-46)/20)/(-23)). Calculate the highest common factor of k and j.
6
Suppose -5*z - 80 = -5*o, 3*z = 2*o - 23 - 12. Suppose c - 50 = -o. What is the greatest common divisor of 333 and c?
37
Let w = 0 - -2. Suppose -25 - 23 = -r + w*a, 78 = 2*r + 5*a. What is the highest common factor of 4 and r?
4
Let l = 50 - 48. Suppose l*x - 2*u - 201 = -3*u, -5*x + 501 = 2*u. Let t(y) = -y**2 + 7*y - 1. Let f be t(3). What is the greatest common factor of f and x?
11
Suppose 11*r = r + 60. Let z be -1 - (-166)/4 - r/4. Calculate the highest common factor of 156 and z.
39
Suppose -4*o + 0*x = -x - 907, -481 = -2*o - 5*x. Let l = 408 - o. Suppose 3*v = -0*v + l. What is the highest common divisor of v and 24?
12
Let p = -9 + 12. Suppose p*w - 11 - 1 = 0. Let h be (w + -2)/((-1)/(-8)). What is the greatest common divisor of h and 64?
16
Let z be (4/(-2))/(-2*4/(-120)). Let k = z - -46. What is the highest common divisor of 144 and k?
16
Let i = -3 - -4. Let z be 2/(-3)*-15*i. Suppose 2*d = -2*d + 2*k + 26, 2*k - z = 0. What is the greatest common divisor of 1 and d?
1
Let k = -603 + 644. What is the highest common factor of 41 and k?
41
Suppose -6*t + 44 = -2*t. Let c(r) = 3*r**2 + 24*r + 56. Let o be c(-3). Calculate the highest common factor of t and o.
11
Suppose -6*q - 65 = 2*z - 9*q, -q = -5*z - 182. Let v = z + 41. Calculate the highest common divisor of 52 and v.
4
Suppose d + 0*s - 99 = 3*s, 4*s + 102 = d. Let k(h) = -h**3 - h**2. Let c be k(1). Let y be (d/(-25))/(c/5). Calculate the highest common divisor of 18 and y.
9
Suppose n + 5*x - 3113 + 177 = 0, 5*n - 3*x - 14596 = 0. What is the highest common divisor of n and 23?
23
Let t be 6/(-5)*(-70)/3. Let c be -7*18/4*(-28)/21. Calculate the greatest common factor of c and t.
14
Suppose 30*f - 26*f + 5*q = 77, -75 = -3*f + 2*q. What is the highest common factor of f and 667?
23
Suppose -5*q = 3*n - 114, n - 11 + 29 = q. Suppose 19*g = q*g - 46. What is the greatest common factor of 46 and g?
23
Let x(g) be the second derivative of g**3/6 - 3*g**2 - 5*g. Let n be x(6). Let l(w) = -w + 1. Let f be l(n). Calculate the highest common divisor of f and 8.
1
Let l be (-1)/(9/(-468))*2. What is the greatest common factor of 16 and l?
8
Suppose 8*k = 398 + 7378. What is the greatest common factor of 36 and k?
36
Suppose -4*j + 2368 + 528 = 3*z, 2*j + 3876 = 4*z. What is the greatest common divisor of z and 88?
88
Suppose 5*k = 9*k - 340. Calculate the greatest common divisor of 51 and k.
17
Let m = -450 - -462. Let z(l) = l**3 + 6*l**2 + l + 2. Let s be z(-4). Suppose 5*f - s = -0*f. Calculate the highest common divisor of f and m.
6
Let w(k) = -k + 17. Let a be w(17). Suppose 3*r - 105 = -a*r. What is the highest common divisor of 7 and r?
7
Suppose 0 = -p + 3 - 1. Let d(w) = 5*w - 3*w**p + 6*w**2 - w**3 - 2 - 1. Let c be d(3). What is the greatest common factor of 6 and c?
6
Suppose 0 = n - 11*n + 40. Suppose -n*k + 5*k - 88 = 0. Calculate the greatest common factor of 22 and k.
22
Suppose -9*g = -0*g - 279. What is the greatest common divisor of g and 31?
31
Let p = 114 + -112. Let q be (-285)/(-76) - p/(-8). Calculate the highest common factor of q and 4.
4
Suppose -90 = p + 5*w, -p - 7 = 2*w + 71. Let i = p + 105. Let d = i + -19. What is the highest common factor of 112 and d?
16
Let b = 111 - 108. Calculate the highest common divisor of b and 29.
1
Suppose -70 = -4*x + 3*x. Suppose 5*a - 47 = 3*z, 5 = 212*z - 207*z. Calculate the highest common factor of a and x.
10
Let y(n) be the first derivative of n**3/3 - 7*n**2/2 + 12*n - 17. Let q be y(6). What is the greatest common divisor of q and 30?
6
Let h = -100 - -102. Suppose 32 = 3*y - 88. Suppose -3*j + 26 = -y. Calculate the greatest common factor of j and h.
2
Suppose q - 2 - 1 = -2*w, -4*w - 24 = -4*q. Suppose -4*d + 6*d - 5 = -3*i, -i + 4 = 3*d. Calculate the greatest common divisor of d and q.
1
Let t = 52 + 808. Calculate the highest common factor of 20 and t.
20
Let v = 34 + 150. Let i = 34 + -11. What is the highest common divisor of v and i?
23
Suppose 3*t - 94 + 37 = 0. Suppose -3*y + 2967 = 1086. Suppose y = 9*m - 6*m. What is the highest common factor of t and m?
19
Suppose d + 3*q = -0*q + 102, q = 4. Calculate the greatest common factor of d and 135.
45
Let z(x) = -x**3 - 16*x**2 - 8*x - 3. Let g be z(-16). What is the highest common divisor of g and 75?
25
Let o = 392 + -8. Suppose 14*m - 18*m = -o. Calculate the highest common divisor of 32 and m.
32
Suppose -3*h + 435 = 6. Let q = h - 58. What is the greatest common factor of q and 17?
17
Suppose -86*j + 23*j + 40131 = 0. Calculate the highest common divisor of 13 and j.
13
Let u = 37 - -15. Suppose -4*k + u = -4*o, -2*k - o + 15 + 11 = 0. Suppose 0*y - 572 = -4*y. What is the greatest common divisor of k and y?
13
Let x(j) = j**3 + 6*j**2 - 3*j - 8. Let z be x(-6). Let o = 55 + -38. Let d(p) = p - 15. Let r be d(o). Calculate the greatest common divisor of z and r.
2
Suppose -3*l - z + 432 = -0*z, -l + 155 = 4*z. Suppose 5*b = -m + 6 + 12, m - 11 = 2*b. Calculate the highest common factor of l and m.
13
Let w(r) = 8*r - 1. Let x(s) = 6*s - 1. Let p be x(1). Suppose 0*i = -p*i + 5. Let y be w(i). What is the greatest common divisor of 7 and y?
7
Let v(i) = 8*i**2 + i + 14. Let x be v(0). Calculate the highest common factor of 56 and x.
14
Suppose 5*a = d + 28, a - 104 = -4*d - 279. Let p = d - -46. What is the greatest common factor of p and 6?
3
Let r = 47 - 46. Let i be 1 - -2*(r - 1/2). Calculate the greatest common divisor of i and 3.
1
Let o = 208 + 408. Calculate the highest common factor of 220 and o.
44
Suppose -6*s + 4140 = 690. What is the highest common divisor of s and 25?
25
Suppose u - 14 = 8*u. Let l(y) = -y + 3. Let w be l(u). Suppose 3*z - 18 = -2*t, -3*t + w*z - 1 = -9. Calculate the greatest common divisor of t and 3.
3
Suppose 4*w = 20, -3*p + w + 120 = -31. What is the greatest common factor of 260 and p?
52
Let s be -4 - (-89 + (-6 - -4)). Calculate the highest common factor of 174 and s.
87
Suppose 4*p - 8*p = 12. Let w be p/(-6) + 2/4. What is the greatest common divisor of w and 5?
1
Suppose -11*h = -24 - 196. What is the highest common divisor of h and 90?
10
Let l(t) = -t**3 - 9*t**2 + 9*t - 127. Let p be l(-18). What is the greatest common divisor of p and 71?
71
Let k be (4/3)/(10/(-15)*-1). Let o = -22 + 36. Calculate the greatest common divisor of k and o.
2
Suppose f + 570 = -v, 5*f = -v - 214 - 364. Let w be 2/9 + v/(-36). What is the greatest common divisor of w and 64?
16
Suppose 0 = a + k - 31, -3*a = -4*k - 148 + 76. What is the highest common factor of 2156 and a?
28
Suppose -28*l - 33 = -3*o - 26*l, 2*o - 3*l = 27. Suppose t - 5*x - 27 = 0, -2*t - 1 = 3*x - 16. What is the highest common factor of t and o?
3
Let d = 151 + -259. Let t be (d/10)/((-21)/140). What is the highest common factor of t and 48?
24
Suppose -5*y + 5*k = -715, 0 = -2*y - 6*k + 11*k + 298. Calculate the highest common factor of 556 and y.
139
Let n = -55 + 86. What is the greatest common factor of n and 837?
31
Suppose 0*s + s + 3*i - 12 = 0, -5*s + 5*i + 20 = 0. Suppose 0 = -10*l + 5*l, 5*b + 70 = -2*l. Let r = -8 - b. Calculate the highest common divisor of s and r.
6
Let o = 46 - 25. Let w be o/(-14)*(1 + -7). Suppose 2*l + 176 = 5*m, -5*l + 2 = -8. Calculate the highest common divisor of w and m.
9
Suppose 0*f - 15 = -3*f. Suppose 7 = f*j + 42. Let c = 13 + j. Calculat